e factors of u?
3, 13
Suppose 47*o - 1384 = 45*o. Suppose 0 = -11*i + 210 + o. What are the prime factors of i?
2, 41
Let l(g) = g**2 - 4*g - 20. What are the prime factors of l(-16)?
2, 3, 5
Let j(x) = 5*x + 63. What are the prime factors of j(26)?
193
Let p(f) = 3*f + 3. Let j be p(6). Let q = -11 + -3. What are the prime factors of (-192)/q + 6/j?
2, 7
List the prime factors of (9/(-27))/(5/(-23235)).
1549
Let l(i) = -i**3 - 5*i**2 + 7*i + 8. Let a be l(-6). Suppose a*j = j + n + 62, -3*n = 4*j - 276. What are the prime factors of j?
2, 3, 11
Suppose -13768 = -11*f - 5023. What are the prime factors of f?
3, 5, 53
What are the prime factors of ((-54900)/(-135))/(((-6)/45)/(-1))?
2, 5, 61
Let h = 91 - -21. List the prime factors of 4176/14 - 32/h.
2, 149
Let s be 36/(-8)*(-4)/(-2)*-1. Let t(q) = q**3 - 7*q**2 - 12*q + 3. List the prime factors of t(s).
3, 19
Let x(q) = 2803*q**2 + 65*q + 64. List the prime factors of x(-1).
2, 3, 467
Let k(c) = c - 4*c**3 + 10 - 2*c**3 + 5*c**3 + 7*c**2. Let t(l) = -l**3 - 4*l**2 + 3*l - 3. Let a be t(-5). List the prime factors of k(a).
17
Suppose 0 = 2*k - 46 - 78. What are the prime factors of k?
2, 31
Suppose -43*p + 60 = -38*p. Suppose 0 = -6*n + p*n - 792. List the prime factors of n.
2, 3, 11
Suppose 11*b - 14*b = -1716. What are the prime factors of (-14)/(-42) + b/3?
191
Let d = -12 - -24. Suppose d = m - 22. List the prime factors of m.
2, 17
What are the prime factors of (7 - 132/18) + (-3866)/(-6)?
2, 7, 23
Let q(d) = -d**2 + d - 1. Let g(l) = 3*l**2. Let u(z) = g(z) - q(z). List the prime factors of u(-2).
19
Suppose 31856 = 611*m - 567*m. What are the prime factors of m?
2, 181
Let x = 882 + -536. What are the prime factors of x?
2, 173
Suppose -6311 + 1735 = -13*r. What are the prime factors of r?
2, 11
Let t = -118 - -142. List the prime factors of t.
2, 3
Suppose 0 = 4*c - 2*c - r - 14, -r + 10 = 2*c. List the prime factors of 4/c + 24/18.
2
What are the prime factors of (-150 - 4)/(-4*2/20)?
5, 7, 11
Suppose -3*f + 3*f = -6*f. Suppose f = 4*i - 703 + 91. List the prime factors of i.
3, 17
Let b(y) = -82*y + 181. List the prime factors of b(-6).
673
Let z(n) = -10*n**2 + 2*n**2 + 0*n**2 + 5*n - n - n**3 + 4. What are the prime factors of z(-9)?
7
Let j(z) be the third derivative of -2*z**4/3 - 3*z**3/2 - 3*z**2. Let i be j(-6). Suppose -i = -4*n - r, r + 4*r + 5 = 0. List the prime factors of n.
2, 11
Suppose -2*o - 16 = -2*u - 3*o, 0 = 3*o - 6. Suppose -2*h + r + u = 6*r, -4*h + 2*r + 74 = 0. Suppose 2*k - 6 = h. What are the prime factors of k?
11
Suppose 6297 = 3*l - 3*n, 104*n = 2*l + 103*n - 4203. What are the prime factors of l?
2, 263
Suppose 9*v - 2692 = 1223. What are the prime factors of v?
3, 5, 29
Let k(n) = -51*n**2 + 5*n + 2. Let v be k(-2). Let h = -48 - v. What are the prime factors of h?
2, 41
Let v = 985 - 629. List the prime factors of v.
2, 89
Suppose 2086 = 13*c - 29192. List the prime factors of c.
2, 3, 401
Let y(z) = -132*z - 37. What are the prime factors of y(-7)?
887
Let q(u) = u**2 + u. Let w(j) = j**3 + 15*j**2 + j - 19. Let t(h) = -4*q(h) - w(h). List the prime factors of t(-19).
2, 3, 19
Suppose 12*p = 16*p - 8. Let n = -1 - -1. Suppose k - 21 = 4*j - n*j, -p*j - 105 = -5*k. What are the prime factors of k?
3, 7
Let m = 93 - 180. Let r = 50 - m. List the prime factors of r.
137
Suppose 1302 = f - 2*o, -6546 = -5*f - o + 2*o. List the prime factors of f.
2, 5, 131
Let m(y) = -2*y**3 - 2*y + 6. Let p be (-12)/10*15/6. What are the prime factors of m(p)?
2, 3, 11
Suppose 4*m - 2*f + 142 = f, -4*m + f - 146 = 0. Let d = m + 69. What are the prime factors of d?
2
Suppose 3*o + 2*a + 2*a + 16 = 0, 5*o + 4*a + 32 = 0. What are the prime factors of (-45)/(-6)*o/(-12)?
5
Let d(l) be the first derivative of -l**4/2 + 26*l**3/3 + 13*l**2/2 + l + 17. List the prime factors of d(13).
2, 5, 17
Let r(o) = -o - 25. Let n be r(-12). Let g = 104 + n. List the prime factors of g.
7, 13
Suppose -3*y = -15, 3*o - 2*o - 418 = 4*y. What are the prime factors of o?
2, 3, 73
Let i = -9 - -3. What are the prime factors of (-72)/30*140/i?
2, 7
Let w be 6/(-5)*(16 - -59). Let l be (-3)/((-3)/w*9). Let g = 49 + l. List the prime factors of g.
3, 13
Suppose 2*p + 5256 = h, 3*p - 66 + 78 = 0. List the prime factors of h.
2, 41
Suppose -3*x - 5*d = -2210, -906 - 2046 = -4*x - 4*d. What are the prime factors of x?
2, 5, 37
Suppose f - 2*f + 5*a - 18 = 0, f + 34 = -3*a. Let i = 122 + f. List the prime factors of i.
2, 47
Let s(m) be the third derivative of -m**6/120 + m**5/30 + m**4/4 + m**3/2 - m**2. Let g be s(5). Let l = 82 + g. What are the prime factors of l?
2, 5
Suppose -a = -y - 8 + 2, 3*a = 5*y + 8. Suppose a = -4*b + 191. List the prime factors of b.
3, 5
Suppose h = -3 + 10. Let c(n) = n**3 - 5*n + 3. Let b be c(4). Suppose -h*m + 3*m = 5*y - 59, -4*y - 3*m = -b. List the prime factors of y.
11
Let d(k) = 3*k - 307 + 616 - 321. Let u(q) = q**2 - 3*q - 4. Let f be u(-3). What are the prime factors of d(f)?
2, 3, 5
Suppose 0 = -35*g + 6*g + 58. What are the prime factors of g?
2
Let z(k) = -k + 123. List the prime factors of z(29).
2, 47
Let v(l) = l**2 - 20*l - 58. List the prime factors of v(-15).
467
Let m(g) = -g**3 - 4*g**2 - 4*g - 2. Let p be m(-5). Let w = 18 + -14. Suppose 2*i - 60 = -4*a, 4*i - 13 - p = -w*a. List the prime factors of a.
2
Let r(l) be the third derivative of -4*l**4/3 + 26*l**3/3 + 3*l**2 + 4. What are the prime factors of r(-8)?
2, 7, 11
Suppose -24*y = -16*y - 4192. What are the prime factors of y?
2, 131
Let w = 68 - 27. Let m = w - 32. List the prime factors of m.
3
Let f(p) = p**2 + 7*p + 2. Let o be f(-7). Let j be 9/(-6) - 109/(-2). Suppose 0 = o*t + 2*x - 18 - 20, x = -3*t + j. List the prime factors of t.
17
Suppose -s + 12 - 20 = 0. List the prime factors of 42*(-18)/s + (-1)/(-2).
5, 19
Suppose 69*g - 71*g + 6 = 0. Let v(d) = -70*d - 3. Let k be v(-3). Suppose 3*a - o = g*o + k, -a + 80 = -5*o. List the prime factors of a.
5, 13
Let c(f) = -2*f. Let m be c(-3). Suppose -9*q = -m*q - 12. Suppose -3*o = -5*a - 5, 4*o - q*a - 20 + 0 = 0. List the prime factors of o.
2, 5
Let y be 6/(-27) + 6/27. Suppose y*g + 5*g - 40 = 0. Suppose -g*x + 28 = -4. What are the prime factors of x?
2
Suppose 3*r - 4 - 20 = 0. Let i be -8 + 7/(28/r). List the prime factors of (i - -4)/((-4)/68).
2, 17
Let a(d) = -16 + 0*d**2 + 0*d + d**2 + 26 + 5*d. Let y be a(-7). Suppose 0 = -u - 0*t + 5*t + y, -4*u = 3*t - 27. What are the prime factors of u?
3
Suppose 0 = -5*r + a - 4, 3*a - 12 = 4*r - 0*a. Suppose r = 2*v - 5*v - x + 196, 261 = 4*v + x. Suppose 4*q = -q + v. List the prime factors of q.
13
Suppose -2*g + 305 = -221. What are the prime factors of g?
263
Let d = 13 - 16. Let t be (2/d)/(16/(-24)). Suppose 0 = o + t - 15. What are the prime factors of o?
2, 7
Let m be 9/((-9)/3) - -11. Suppose 129 = m*q - 7*q. What are the prime factors of q?
3, 43
Suppose 6*q - 19 - 5 = 0. Suppose q*y + 141 = 513. What are the prime factors of y?
3, 31
Let f(m) = m + 1. Let g be f(-6). Let p(c) = 3*c**2 + 3*c - 8. List the prime factors of p(g).
2, 13
Let v(k) = 9 + 9*k + 11*k - 17*k + 2*k**2 - k**3. Let a be v(4). Let b = 35 - a. List the prime factors of b.
2, 23
Let l = 3126 + -221. List the prime factors of l.
5, 7, 83
Let w = 57 + -41. Suppose 3*g - w = 2. List the prime factors of 22*1*3/g.
11
Let v(z) = -650*z - 41. What are the prime factors of v(-1)?
3, 7, 29
Let x = 86 + -75. List the prime factors of 18/(-99) - (-2499)/x.
227
What are the prime factors of 138*(-54)/(-12)*2?
2, 3, 23
Let y(p) = p + 2. Let x be y(4). Suppose 4*q = -2*u - 6, -4*q - x = 6. Suppose 0 = u*b - b - 10. What are the prime factors of b?
5
Let l = -1822 - -2791. List the prime factors of l.
3, 17, 19
What are the prime factors of ((2785/6)/(-5))/(117/(-702))?
557
Let i = -1788 - -2531. List the prime factors of i.
743
Let t = 1270 - 357. What are the prime factors of t?
11, 83
What are the prime factors of (-3 - -5) + 486 + (-10)/(-2)?
17, 29
Suppose f - 2*f - 5*i = -14, 0 = 4*f + 3*i - 22. Suppose -2*c = -f*c. What are the prime factors of (-9 - c)/(-3) + 20?
23
Suppose 7 = -2*t + 7. Suppose t = 3*s + 2*s + 3*i - 896, 0 = -5*s + 4*i + 917. List the prime factors of s.
181
Suppose 2*x - 12 = 14. Le